 11460247?
False
Does 25 divide 448266?
False
Is 53 a factor of 49265?
False
Is 180 a factor of 5230620?
True
Is 54 a factor of 101396?
False
Is 6 a factor of 2696754?
True
Is 174454 a multiple of 7?
True
Is 70273 a multiple of 13?
False
Is 1061 a multiple of 148?
False
Does 716 divide 1686752?
False
Is 20 a factor of 69100?
True
Is 2128485 a multiple of 289?
True
Is 38113 a multiple of 7?
False
Is 223511 a multiple of 5?
False
Is 237565 a multiple of 45?
False
Does 30 divide 3593970?
True
Is 506 a factor of 103224?
True
Is 26 a factor of 116506?
True
Is 129 a factor of 84317?
False
Is 52 a factor of 875329?
False
Is 5 a factor of 961330?
True
Is 79251 a multiple of 4?
False
Does 202 divide 48613?
False
Is 117 a factor of 17401995?
True
Is 15287 a multiple of 246?
False
Is 275775 a multiple of 25?
True
Does 706 divide 2966612?
True
Is 8971102 a multiple of 1457?
False
Is 34 a factor of 1226040?
True
Is 793728 a multiple of 212?
True
Is 51 a factor of 12546?
True
Is 12 a factor of 43368?
True
Is 250640 a multiple of 26?
True
Is 13 a factor of 1019243?
False
Does 85 divide 87523?
False
Is 848105 a multiple of 94?
False
Is 1058092 a multiple of 217?
True
Does 102 divide 325321?
False
Is 14 a factor of 801561?
False
Is 10 a factor of 160671?
False
Is 132168 a multiple of 167?
False
Is 61398 a multiple of 34?
False
Is 34 a factor of 596860?
False
Is 45 a factor of 1172025?
True
Is 10 a factor of 691623?
False
Is 494046 a multiple of 14?
True
Is 135598 a multiple of 10?
False
Does 30 divide 308023?
False
Does 260 divide 515507?
False
Is 904215 a multiple of 195?
True
Does 805 divide 2695324?
False
Is 95180 a multiple of 5?
True
Is 107479 a multiple of 21?
False
Is 1841556 a multiple of 114?
True
Is 41 a factor of 19885?
True
Is 98445 a multiple of 5?
True
Is 453 a factor of 1819508?
False
Is 5 a factor of 141328?
False
Is 1374814 a multiple of 29?
False
Is 113685 a multiple of 17?
False
Is 591 a factor of 495258?
True
Does 75 divide 31070?
False
Does 35 divide 700?
True
Does 150 divide 4809000?
True
Is 13794570 a multiple of 54?
True
Is 355 a factor of 1935460?
True
Is 128 a factor of 344064?
True
Is 4496298 a multiple of 22?
False
Is 15 a factor of 4140?
True
Is 70 a factor of 1392090?
True
Does 19 divide 628605?
False
Does 30 divide 1366026?
False
Is 262 a factor of 8019034?
True
Does 111 divide 3606057?
True
Does 43 divide 1622221?
False
Does 12 divide 127716?
True
Does 65 divide 307783?
False
Is 383 a factor of 5167819?
True
Is 542 a factor of 754622?
False
Is 44 a factor of 8062760?
False
Is 16659643 a multiple of 1157?
True
Does 41 divide 73677?
True
Does 164 divide 190842?
False
Is 25734 a multiple of 6?
True
Does 813 divide 27778?
False
Does 7 divide 180168?
False
Is 129 a factor of 1474470?
True
Is 59 a factor of 412468?
False
Is 43162 a multiple of 72?
False
Does 58 divide 1061748?
True
Does 2 divide 251040?
True
Is 205 a factor of 8136195?
False
Is 161115 a multiple of 5?
True
Is 818049 a multiple of 106?
False
Is 339 a factor of 1680048?
False
Is 19 a factor of 342212?
False
Is 4032945 a multiple of 93?
True
Is 363 a factor of 1908538?
False
Does 3 divide 5719?
False
Does 440 divide 199352?
False
Does 258 divide 229943?
False
Is 193 a factor of 2181286?
True
Is 1009836 a multiple of 12?
True
Does 10 divide 3481502?
False
Does 20 divide 10820?
True
Is 148317 a multiple of 369?
False
Is 10 a factor of 103860?
True
Is 11 a factor of 693375?
False
Is 187 a factor of 14140836?
False
Is 201826 a multiple of 63?
False
Does 40 divide 107817?
False
Is 55587 a multiple of 6?
False
Is 7 a factor of 617792?
True
Is 17328 a multiple of 16?
True
Is 10438 a multiple of 27?
False
Does 91 divide 83777?
False
Does 1675 divide 27308660?
False
Does 517 divide 55061?
False
Does 12 divide 248153?
False
Is 909 a factor of 7382450?
False
Is 24 a factor of 1399200?
True
Is 208 a factor of 211107?
False
Is 32857 a multiple of 9?
False
Does 10 divide 293610?
True
Is 31 a factor of 310931?
False
Is 52 a factor of 2295688?
False
Is 139348 a multiple of 11?
True
Is 81060 a multiple of 70?
True
Is 2487865 a multiple of 191?
False
Is 130 a factor of 167967?
False
Is 249 a factor of 447951?
True
Is 20810 a multiple of 19?
False
Is 3171650 a multiple of 458?
True
Is 25 a factor of 744975?
True
Is 9839689 a multiple of 391?
False
Does 202 divide 164855?
False
Is 227 a factor of 2299737?
True
Does 37 divide 7635431?
True
Does 4 divide 37759?
False
Is 27629 a multiple of 69?
False
Is 12438580 a multiple of 14?
True
Does 14 divide 720762?
True
Is 6 a factor of 726671?
False
Is 3967960 a multiple of 230?
True
Is 3638106 even?
True
Is 16010575 a multiple of 479?
True
Is 2 a factor of 29139?
False
Does 12 divide 105864?
True
Does 3 divide 16466?
False
Is 124 a factor of 3240?
False
Does 169 divide 184645?
False
Does 26 divide 109193?
False
Is 15 a factor of 13938735?
True
Does 15 divide 49868?
False
Does 6 divide 485112?
True
Is 3991621 a multiple of 101?
True
Is 60048 a multiple of 432?
True
Is 34 a factor of 1546898?
True
Is 239220 a multiple of 6?
True
Is 58 a factor of 970108?
True
Is 700566 a multiple of 118?
True
Is 216598 a multiple of 43?
False
Is 4346843 a multiple of 17?
False
Does 26 divide 725790?
True
Is 12 a factor of 2968426?
False
Is 422350 a multiple of 146?
False
Does 1130 divide 5300817?
False
Does 2 divide 20747?
False
Is 138 a factor of 6190956?
True
Does 244 divide 1112970?
False
Does 22 divide 793303?
False
Is 367 a factor of 3046834?
True
Is 548 a factor of 1072436?
True
Does 14 divide 67371?
False
Is 70350 a multiple of 30?
True
Is 481 a factor of 82251?
True
Does 70 divide 9905039?
False
Does 40 divide 597119?
False
Does 62 divide 1597120?
True
Is 1077 a factor of 4018287?
True
Does 225 divide 323536?
False
Does 24 divide 2386848?
True
Is 6281964 a multiple of 156?
True
Is 294 a factor of 10582282?
False
Is 1546904 a multiple of 23?
False
Is 3103065 a multiple of 15?
True
Does 400 divide 2302065?
False
Does 105 divide 688737?
False
Is 386 a factor of 1581442?
True
Does 8 divide 13708066?
False
Is 36748 a multiple of 27?
False
Does 303 divide 69177?
False
Is 101669 a multiple of 19?
True
Is 1575612 a multiple of 243?
True
Does 12 divide 95146?
False
Does 12 divide 387773?
False
Is 501 a factor of 5859195?
True
Does 5 divide 39695?
True
Is 47 a factor of 337653?
False
Does 1032 divide 1228080?
True
Is 8596 a multiple of 7?
True
Is 22548924 a multiple of 1356?
True
Does 7 divide 133199?
False
Is 118135 a multiple of 13?
False
Is 1363809 a multiple of 41?
False
Is 140408 a multiple of 8?
True
Is 1433360 a multiple of 164?
True
Is 7 a factor of 1120077?
True
Is 3349166 a multiple of 74?
True
Does 17 divide 3806827?
True
Does 205 divide 2695953?
False
Is 95706 a multiple of 26?
True
Does 126 divide 44352?
True
Does 73 divide 159152?
False
Is 20 a factor of 155942?
False
Is 63280 a multiple of 20?
True
Does 323 divide 768094?
True
Does 52 divide 290949?
False
Is 320234 a multiple of 167?
False
Is 310 a factor of 31930?
True
Is 110 a factor of 15149?
False
Does 27 divide 14138?
False
Does 14 divide 206563?
False
Is 30227 a multiple of 309?
False
Is 6391084 a multiple of 74?
True
Is 14919 a multiple of 14?
False
Is 281 a factor of 894423?
True
Is 29454 a multiple of 7?
False
Is 162570 a multiple of 9?
False
Does 26 divide 190216?
True
Is 282 a factor of 4984914?
True
Does 5 divide 145785?
True
Does 60 divide 116319?
False
Does 221 divide 1074831?
False
Is 7 a factor of 39648?
True
Is 264709 a multiple of 33?
False
Is 130 a factor of 79820?
True
Does 380 divide 156526?
False
Is 21 a factor of 2160249?
True
Is 7 a factor of 127666?
True
Does 54 divide 220914?
True
Does 21 divide 27846?
True
Is 2224365 a multiple of 793?
True
Does 13 divide 56589?
True
Is 648102 a multiple of 14?
True
Is 19804 a multiple of 2?
True
Is 117 a factor of 58617?
True
Is 80 a factor of 53120?
True
Is 50 a factor of 3368000?
True
Does 6 divide 14226737?
False
Is 65 a factor of 114977?
False
Is 3491302 a multiple of 167?
True
Is 13 a factor of 4437303?
True
Does 162 divide 2908709?
False
Does 150 divide 138900?
True
Is 261847 a multiple of 5?
False
Does 31 divide 441814?
False
Does 21 divide 131061?
True
Is 143 a factor of 46189?
True
Is 44240 a multiple of 35?
True
Is 21 a factor of